inder when 3098 is divided by 100?
98
Calculate the remainder when 127 is divided by 49.
29
Calculate the remainder when 557 is divided by 35.
32
What is the remainder when 702 is divided by 178?
168
Calculate the remainder when 24809 is divided by 30.
29
Calculate the remainder when 161 is divided by 44.
29
What is the remainder when 71 is divided by 53?
18
What is the remainder when 646 is divided by 100?
46
What is the remainder when 67 is divided by 8?
3
Calculate the remainder when 461 is divided by 136.
53
Calculate the remainder when 263 is divided by 67.
62
Calculate the remainder when 2990 is divided by 1492.
6
What is the remainder when 90 is divided by 6?
0
What is the remainder when 71 is divided by 46?
25
What is the remainder when 2947 is divided by 118?
115
Calculate the remainder when 189 is divided by 15.
9
What is the remainder when 5771 is divided by 16?
11
What is the remainder when 329 is divided by 22?
21
What is the remainder when 2909 is divided by 10?
9
What is the remainder when 487 is divided by 9?
1
Calculate the remainder when 1990 is divided by 22.
10
What is the remainder when 304 is divided by 77?
73
Calculate the remainder when 102 is divided by 18.
12
Calculate the remainder when 9070 is divided by 43.
40
Calculate the remainder when 3935 is divided by 48.
47
Calculate the remainder when 7975 is divided by 70.
65
What is the remainder when 868 is divided by 164?
48
What is the remainder when 50 is divided by 17?
16
What is the remainder when 2837 is divided by 236?
5
What is the remainder when 212 is divided by 9?
5
Calculate the remainder when 991 is divided by 328.
7
What is the remainder when 24 is divided by 14?
10
Calculate the remainder when 177 is divided by 15.
12
Calculate the remainder when 8931 is divided by 41.
34
Calculate the remainder when 966 is divided by 316.
18
What is the remainder when 167 is divided by 102?
65
What is the remainder when 927 is divided by 30?
27
Calculate the remainder when 71 is divided by 15.
11
What is the remainder when 1826 is divided by 1779?
47
Calculate the remainder when 374 is divided by 63.
59
What is the remainder when 30517 is divided by 436?
433
What is the remainder when 1780 is divided by 142?
76
What is the remainder when 75 is divided by 30?
15
What is the remainder when 43832 is divided by 19?
18
Calculate the remainder when 678 is divided by 23.
11
Calculate the remainder when 216 is divided by 210.
6
What is the remainder when 677 is divided by 48?
5
Calculate the remainder when 28 is divided by 11.
6
Calculate the remainder when 927 is divided by 32.
31
Calculate the remainder when 89 is divided by 44.
1
What is the remainder when 2569 is divided by 31?
27
Calculate the remainder when 395 is divided by 55.
10
Calculate the remainder when 82 is divided by 21.
19
Calculate the remainder when 1949 is divided by 15.
14
Calculate the remainder when 20221 is divided by 107.
105
Calculate the remainder when 2293 is divided by 51.
49
Calculate the remainder when 263 is divided by 55.
43
What is the remainder when 894 is divided by 29?
24
What is the remainder when 1501 is divided by 100?
1
What is the remainder when 345 is divided by 16?
9
Calculate the remainder when 180 is divided by 23.
19
Calculate the remainder when 258 is divided by 16.
2
What is the remainder when 4991 is divided by 6?
5
Calculate the remainder when 565 is divided by 19.
14
What is the remainder when 531 is divided by 13?
11
What is the remainder when 836 is divided by 12?
8
Calculate the remainder when 193 is divided by 97.
96
Calculate the remainder when 7895 is divided by 51.
41
Calculate the remainder when 7880 is divided by 1967.
12
What is the remainder when 506 is divided by 51?
47
Calculate the remainder when 473 is divided by 92.
13
What is the remainder when 3317 is divided by 662?
7
What is the remainder when 1129 is divided by 7?
2
Calculate the remainder when 780 is divided by 156.
0
What is the remainder when 25115 is divided by 46?
45
What is the remainder when 4043 is divided by 804?
23
Calculate the remainder when 1157 is divided by 192.
5
Calculate the remainder when 3060 is divided by 8.
4
Calculate the remainder when 80 is divided by 12.
8
What is the remainder when 136 is divided by 23?
21
What is the remainder when 3857 is divided by 11?
7
Calculate the remainder when 2648 is divided by 51.
47
What is the remainder when 311 is divided by 12?
11
What is the remainder when 75 is divided by 4?
3
Calculate the remainder when 503 is divided by 42.
41
What is the remainder when 206 is divided by 196?
10
What is the remainder when 56 is divided by 11?
1
Calculate the remainder when 554 is divided by 93.
89
Calculate the remainder when 48 is divided by 13.
9
What is the remainder when 927 is divided by 457?
13
Calculate the remainder when 507 is divided by 153.
48
What is the remainder when 304 is divided by 31?
25
What is the remainder when 809 is divided by 366?
77
What is the remainder when 101 is divided by 35?
31
What is the remainder when 165 is divided by 27?
3
Calculate the remainder when 4097 is divided by 82.
79
What is the remainder when 21109 is divided by 102?
97
Calculate the remainder when 711 is divided by 98.
25
What is the remainder when 2118 is divided by 68?
10
What is the remainder when 58 is divided by 20?
18
What is the remainder when 237 is divided by 60?
57
What is the remainder when 5963 is divided by 192?
11
What is the remainder when 476 is divided by 232?
12
What is the remainder when 42 is divided by 29?
13
What is the remainder when 1045 is divided by 150?
145
Calculate the remainder when 188 is divided by 171.
17
Calculate the remainder when 3791 is divided by 79.
78
What is the remainder when 293 is divided by 40?
13
What is the remainder when 1995 is divided by 16?
11
What is the remainder when 20637 is divided by 172?
169
Calculate the remainder when 408 is divided by 103.
99
Calculate the remainder when 549 is divided by 194.
161
What is the remainder when 4419 is divided by 75?
69
What is the remainder when 882 is divided by 126?
0
Calculate the remainder when 89 is divided by 46.
43
Calculate the remainder when 68 is divided by 52.
16
What is the remainder when 97 is divided by 22?
9
Calculate the remainder when 2757 is divided by 138.
135
Calculate the remainder when 6047 is divided by 21.
20
What is the remainder when 468 is divided by 142?
42
What is the remainder when 158 is divided by 8?
6
Calculate the remainder when 5424 is divided by 175.
174
What is the remainder when 12399 is divided by 62?
61
What is the remainder when 813 is divided by 37?
36
What is the remainder when 48 is divided by 3?
0
What is the remainder when 48758 is divided by 21?
17
Calculate the remainder when 1034 is divided by 69.
68
What is the remainder when 76 is divided by 29?
18
Calculate the remainder when 333 is divided by 56.
53
Calculate the remainder when 491 is divided by 41.
40
What is the remainder when 8739 is divided by 38?
37
Calculate the remainder when 99 is divided by 20.
19
Calculate the remainder when 674 is divided by 25.
24
Calculate the remainder when 13243 is divided by 12.
7
Calculate the remainder when 1911 is divided by 40.
31
Calculate the remainder when 691 is divided by 19.
7
Calculate the remainder when 560 is divided by 278.
4
Calculate the remainder when 8 is divided by 8.
0
Calculate the remainder when 38077 is divided by 280.
277
What is the remainder when 201 is divided by 27?
12
What is the remainder when 4380 is divided by 129?
123
What is the remainder when 118 is divided by 40?
38
What is the remainder when 423 is divided by 86?
79
Calculate the remainder when 306 is divided by 78.
72
What is the remainder when 373 is divided by 136?
101
What is the remainder when 40225 is divided by 33?
31
Calculate the remainder when 1346 is divided by 219.
32
Calculate the remainder when 730 is divided by 430.
300
What is the remainder when 160 is divided by 16?
0
Calculate the remainder when 15767 is divided by 38.
35
What is the remainder when 206 is divided by 18?
8
Calculate the remainder when 67 is divided by 38.
29
What is the remainder when 768 is divided by 260?
248
Calculate the remainder when 347 is divided by 25.
22
